 4*q**2 + g*q - 31 - 25 + 62. What is r(-4)?
-2
Let h(t) = t**3 + 17*t**2 - 17*t + 21. Let i be h(-18). Let n(j) = -5*j**i - 8*j**2 + j**3 - 9*j - 10 + 4*j**3 - j**3. Suppose x + 1 = -6. Determine n(x).
4
Let p(j) = j**2 + 12*j - 12. Let z(a) = -a**2 - 6*a + 7. Let l(v) = -3*p(v) - 5*z(v). Determine l(3).
1
Suppose 2*u - 4*v - 12 = 0, 4*u - 27 = 2*v + 21. Suppose 8*g = 10*g + 42. Let b = g + u. Let j(z) = z**2 + 5*z - 2. Determine j(b).
12
Let m(g) = 14 + 30 + 4*g - 5*g - 33. Suppose -2*j - 15 = j. Let b(k) = k - 12. Let y(o) = j*b(o) - 6*m(o). Determine y(3).
-3
Let j(b) = -2*b**2 + 11*b - 9. Suppose -8 = -2*r, 5*y - 6*r - 56 = -10*r. Calculate j(y).
-49
Let w(c) = 9 + 10*c**2 - 23*c**3 - 26*c**3 - 18*c**2 + 48*c**3. What is w(-8)?
9
Let c(i) = -13*i + 15. Let x be -4*(-5 + 6) + -7. Let a(m) = -m - 3*m - 3*m + 8. Let z(g) = x*a(g) + 6*c(g). Calculate z(4).
-2
Let w(y) be the third derivative of 1/24*y**4 + 0*y - 3*y**2 + 1/3*y**3 + 0. What is w(2)?
4
Let p(x) = x + 4. Let t = 10 - 5. Let i = 471 + -447. Suppose t*u - 3*r + i = -0*u, 2*r - 8 = 2*u. Determine p(u).
-2
Suppose 17 = 2*y + 5*x, -2*x - 1 = -2*y - 5. Let i(t) = -y + 3*t**3 - t + 0*t**3 + 3*t - t. Suppose k + 0 = 1. What is i(k)?
3
Let q(x) = -4*x. Suppose 21*j = -11 - 10. Determine q(j).
4
Let o(n) = -5*n**2 - 2*n - 32. Let b(w) = 7*w**2 + 3*w + 33. Let g(y) = -3*b(y) - 4*o(y). Give g(0).
29
Let c(a) be the third derivative of a**6/120 + 3*a**5/20 - 2*a**2. Let t = 1678 - 1687. What is c(t)?
0
Let u(v) = 5. Let x(p) = p + 9. Let o(g) = 5*u(g) - 2*x(g). Let q be o(0). Let w(f) = f**3 - 6*f**2 - 6*f - 1. Give w(q).
6
Suppose 0 = y - 0*y - 7. Suppose -y*k + 8 = k. Let r(v) = 6*v**2 - v + 1. Give r(k).
6
Let p(g) = -g**2 + 7*g - 9. Let b(w) = -2 - 12 + 2*w - 7. Let a be b(15). Let d be a/(-1)*(-8)/12. Give p(d).
-3
Let u(f) = -42*f - 16. Let b(w) = -100*w - 31. Let t(l) = -3*b(l) + 7*u(l). Determine t(5).
11
Let k(j) be the second derivative of -j**3/3 + 13*j**2/2 + 95*j. Calculate k(4).
5
Let m be (8 + 1)/(1 + 0). Let w = m - 9. Let y(t) = -7*t + 1 + w*t - t. Give y(1).
-7
Let t = 35 + -31. Let y(h) be the first derivative of 1/3*h**3 + 3*h - 3/2*h**2 + 7. Give y(t).
7
Let f(r) = r**3 - 4*r**2 + 3*r - 2. Let z = -178 + 181. Calculate f(z).
-2
Let m(o) = 2*o**2 + 10*o + 2. Let v(w) = 2*w**2 + 12*w + 3. Let r(n) = 4*m(n) - 3*v(n). Calculate r(-3).
5
Let b(m) = -m. Let f be b(-2). Suppose -6 = -5*c + 4, 4*c + 22 = 5*z. Let x(q) = 2 + z*q - 7*q - q. What is x(f)?
-2
Let w(l) = -3*l + 18. Let s be 8 + 0 + -1 + 1. Calculate w(s).
-6
Let n(x) = -11*x**3 - x**2 - x + 1. Suppose -3*a + 9 = -2*q + 8, 0 = -5*a - 3*q + 8. What is n(a)?
-12
Let y(g) = 3*g**2 - 6*g + 18. Let o(k) = -5*k**2 + 7*k - 22. Let p(f) = -2*o(f) - 3*y(f). Give p(-5).
-5
Let i(w) = -w**3 - 6*w**2 - 2*w + 7. Let o be (-39)/(-6) + 2/(-4). Suppose o*g - 5*g = -1. Let h be (-12)/(g + 3) - -1. Calculate i(h).
-8
Let a(o) = -6*o + 7*o - 7*o**3 - 5*o - 6*o**2 + 6*o**3 + 4. Calculate a(-4).
-12
Let g(i) be the third derivative of -i**6/120 - i**5/15 - i**4/24 - i**3/6 + 929*i**2. Suppose 0 = -3*y + y - 4. Give g(y).
-7
Let l(p) = p**2 - 8*p - 3. Suppose -30 = -6*a + 24. Give l(a).
6
Let n(i) be the first derivative of 3*i**2/2 + i + 7. Suppose 4*j - 97 = -17. Let z = j + -22. Give n(z).
-5
Suppose -115*x - 48 = -123*x. Let q(f) be the first derivative of 3*f - 1/2*f**2 - x. Determine q(2).
1
Let i(g) = 3*g - 4. Let n be (22 - 22) + (-2 - -4) + -1. Calculate i(n).
-1
Let s be (-4 + -1 + 3)/(9/18). Let n(v) be the first derivative of -v**3/3 - 3*v**2/2 + 4*v - 1. Let a be n(s). Let k(i) = i + 5. Determine k(a).
5
Let x = -221 + 226. Let t(w) = -w**3 + 4*w**2 + 4*w - 7. What is t(x)?
-12
Let w(g) = 5*g**3 - 3*g**2 + 3*g. Suppose 6*t + 119 = 131. Calculate w(t).
34
Let o = 55 + -32. Let k(g) = -23*g - o*g + 47*g. Determine k(-2).
-2
Suppose 5*u = 4*g + g + 5, 4*g = 8. Let r(f) = 6 + u + 6 - 16 + f. Calculate r(-2).
-3
Let p(k) = -k**3 - 5*k**2 - 6*k - 2. Let v(s) = 5*s - 29. Let g be v(5). What is p(g)?
6
Suppose 27*i = -16*i - 172. Suppose -3*l + 3 = -2*l. Let o(n) = n. Let q(t) = t**2 + 8*t + 2. Let x(g) = l*o(g) - q(g). Calculate x(i).
2
Let m(h) be the first derivative of -h**4/4 + 5*h**3/3 + 3*h**2/2 - 5*h - 367. What is m(5)?
10
Let j = 55 + -56. Let w(n) = -2*n + n + 0*n**3 - n**3. Calculate w(j).
2
Let d(n) = n**3 + 4*n**2 + 5*n + 3. Suppose -2*b + 20 + 124 = 0. Let v be (2/3)/((-16)/b). What is d(v)?
-3
Let f(x) be the first derivative of x**3/3 + 19*x**2/2 - 54*x + 553. Determine f(-22).
12
Let u(w) be the third derivative of -7*w**4/24 - 194*w**2. Calculate u(-1).
7
Let u(g) = 2*g**2 + 12*g - 4. Let o(k) = 2*k**2 + 8*k - 3. Let r(p) = 3*o(p) - 2*u(p). What is r(-4)?
31
Suppose -3*s + 5*s = -8. Let o be 9/6*8/s. Let x(p) = 8*p + 1. Give x(o).
-23
Let v be (-7)/(-14)*9/(-6)*4. Let k(m) = m**3 - 6*m. Calculate k(v).
-9
Let n(v) = -v**2 + 11*v + 14. Let w(y) = -y**2 + 26*y + 166. Let g be w(31). Calculate n(g).
14
Let n = 83 + -89. Let a(x) = -x - 6. Let y(v) = v + 6. Let c(u) = n*a(u) - 5*y(u). Determine c(-9).
-3
Suppose -3*c - 2*i - 7 = -1, -6 = -4*c + 2*i. Let p(q) = -3*q - 2 - 6 + 5 + c*q. Give p(-2).
3
Let f be (1 + 0 - 4) + 304/38. Let a(m) be the third derivative of 0*m - 1/12*m**4 - 1/6*m**3 + 0 - 5*m**2 - 1/60*m**f. Calculate a(2).
-9
Let r(i) = i**2 + i + 2. Let f be r(0). Let a(x) = x**2 + 0*x + 59 + 3*x + 61 - 2*x**3 - 123. Calculate a(f).
-9
Let a(z) = z**2 + 5*z + 6. Suppose 0 = 433*o - 432*o + 6. Give a(o).
12
Let t(b) = 10 + 265*b + b**2 - 280*b + 1. Calculate t(14).
-3
Let v(h) = h**2. Let p(n) = -2*n**2 - n. Let k(b) = p(b) - 3*v(b). What is k(-1)?
-4
Suppose -u + 7 = -4*v, -2*u + 3 - 10 = -v. Let z = 4 + -2. Let s(t) = t + 0*t - t**z + 0*t. What is s(v)?
-12
Let x = -1071 - -1069. Let f(m) = -1 + 2*m - m**2 + 0*m**3 + 3 - m**3 + 0*m. What is f(x)?
2
Let h(q) = -q**2 + 8*q - 9. Let w be h(6). Suppose 0 = -w*k + 5*k - 6. Let m(b) = 3 - 3*b - b - k*b + 0*b. Determine m(2).
-11
Let t(w) = -2*w + 15. Let m = -302 - -310. Determine t(m).
-1
Let d(x) = x + 7*x**2 + 17*x - 2 + 4 + 0 - 11*x + x**3. Determine d(-6).
-4
Let r(n) = -28*n - 5 + 10*n + 15*n + 4*n - 3. Let p(x) = -x**3 + 2*x**2 + 2*x. Let q be p(2). What is r(q)?
-4
Let w = -34 - -38. Let f(j) = -6 - j**2 - w + 7*j + 4. What is f(6)?
0
Suppose 8*b = 25*b - 34. Let f(u) = -2*u**3 + 2*u**2. What is f(b)?
-8
Let y(p) = p**2 - 5*p - 7. Let d(w) = -w**3 + 5*w**2 + 6*w + 5. Let g(o) = o**3 - 5*o**2 - 5*o - 6. Let v(a) = -6*d(a) - 7*g(a). Let f be v(5). Give y(f).
7
Let w = -8 - -10. Suppose -w = -2*s + 2. Let v(u) = 2*u - 3 - 5*u + u**s - 2. Give v(4).
-1
Let t(x) = x**2 - 4*x - 7. Let u be t(5). Let d(r) = 6 + 0*r - 4*r - 1 - 3. Give d(u).
10
Let u(t) = t**3 - 8*t**2 + 5*t + 8. Let k(z) = z**2 + 26*z + 176. Let p be k(-13). Determine u(p).
-6
Let j(h) = -2*h + 16. Let u be j(7). Let n(t) = 5*t - 1. What is n(u)?
9
Let z(r) = -2*r + 3. Let i(j) = -j**2 + 4*j - 1. Let a(d) = 2*i(d) - 2*z(d). Calculate a(9).
-62
Let h(g) be the third derivative of 5/6*g**3 + 0*g + 0 - 1/60*g**5 - 30*g**2 - 1/6*g**4. What is h(-6)?
-7
Let o(l) be the second derivative of -19*l**5/20 - l**3/2 - l**2 - l - 287. Determine o(-1).
20
Let w(n) = -2*n**2 + 32*n + 9. Let u(z) = -z**3 + 4*z**2 + 9*z - 4. Let v be u(5). Give w(v).
9
Let b be (-158)/(-8) + (-2)/(-8). Let a = 22 - b. Let g(h) = -3*h**2 + h + 4*h**2 + 5*h**a + 4 - 7*h**2. Give g(4).
-8
Let z(t) = -2*t + 17. Suppose 6*x = 1123 - 1075. Give z(x).
1
Let k(n) = n + 19. Let d be k(-19). Let j(b) be the third derivative of 1/8*b**4 + 0 - 1/6*b**3 - 2*b**2 + d*b. Calculate j(3).
8
Suppose 0 = -25*c + 2*c - 92. Let t(b) = 2*b + 3. Calculate t(c).
-5
Let p = 14 + -15. Let w be 1*-3*(0 + p). Let y(c) = c**3 - 6*c**2 - c - 1. Let t(u) = -2*u**3 + 11*u**2 + 2*u + 1. Let b(h) = -4*t(h) - 7*y(h). Give b(w).
9
Let z(s) be the third derivative of s**5/60 + 5*s**4/12 + 5*s**3/3 + 20*s**2 - 4*s. Give z(-7).
-11
Let j(h) = -14*h - 1. Let o(y) = -3*y**2 + 1. Let w be o(2). Let u = -4 - w. Suppose z + u = 6. What is j(z)?
13
Let p = -283 - -286. Let n(l) be the first derivative of -10 + 8/3*l**p + 0*l - 1/4*l**4 - 3*l**2. What is n(7)?
7
Let k(u) = -u**2 + 6*u - 6. Let j = 31 + -25. Calculate k(j).
-6
Let o be (44/(-12) + 4)*(4 - 10). Let a(v) = 